{"id":434,"date":"2019-09-20T21:55:50","date_gmt":"2019-09-20T21:55:50","guid":{"rendered":"https:\/\/ninetheme.com\/themes\/grandium\/?page_id=434"},"modified":"2021-08-24T15:57:57","modified_gmt":"2021-08-24T15:57:57","slug":"habitaciones","status":"publish","type":"page","link":"https:\/\/hotelelancla.net\/madrid\/habitaciones\/","title":{"rendered":"Nuestras habitaciones"},"content":{"rendered":"<p>[vc_row][vc_column]<!-- Section Rooms --><div class=\"section \" ><div class=\"wrapper-inner\"> <!-- Rooms List --><div class=\"widget-rooms-list\"><div class=\"rooms-item\"><div class=\"item-photo\"><a href=\"https:\/\/hotelelancla.net\/madrid\/rooms\/superior-doble-buhardilla\/\" data-background=\"https:\/\/hotelelancla.net\/madrid\/wp-content\/uploads\/2021\/01\/H16_1webjpg-600x600.jpeg\"><\/a><\/div><div class=\"item-desc\"><h2><a href=\"https:\/\/hotelelancla.net\/madrid\/rooms\/superior-doble-buhardilla\/\">Doble superior Buhardilla<\/a><\/h2><p>Acogedora habitaci\u00f3n semi abuhardillada de 13 m\u00b2 con ventana en el techo, equipada con TV Plana de 32&#8243;Cama King-size de 200 cm x 200 cm y cama...<\/p><div class=\"desc-features\"><ul><li><i class=\"fa fa-check\"><\/i> TV Plana de 32 pulgadas<\/li><li><i class=\"fa fa-check\"><\/i> Calefacci\u00f3n y Aire acondicionado<\/li><li><i class=\"fa fa-check\"><\/i> Ba\u00f1o privado con ducha<\/li><li><i class=\"fa fa-check\"><\/i> Cama King de 200 x 200 cm y una cama individual de 100 cm x 200 cm<\/li><li><i class=\"fa fa-check\"><\/i> Escritorio<\/li><li><i class=\"fa fa-check\"><\/i> Toallas de algod\u00f3n 100%<\/li><li><i class=\"fa fa-check\"><\/i> Amenities de ba\u00f1o<\/li><li><i class=\"fa fa-check\"><\/i> Wi-Fi gratuito<\/li> <\/ul><\/div><\/div><div class=\"item-price\"><div class=\"price-inner\"><i class=\"fa fa-star-4\"><\/i><h3>\u20ac 57<\/h3><h4>\u20ac 60<\/h4><h5>Desde<\/h5><a href=\"https:\/\/hotelelancla.net\/madrid\/rooms\/superior-doble-buhardilla\/\" class=\"btn\">ROOM DETAIL<\/a><\/div><\/div><\/div><div class=\"rooms-item\"><div class=\"item-photo\"><a href=\"https:\/\/hotelelancla.net\/madrid\/rooms\/habitacion-triple\/\" data-background=\"https:\/\/hotelelancla.net\/madrid\/wp-content\/uploads\/2021\/01\/Captura-de-pantalla-2021-02-03-a-las-18.13.26-600x600.png\"><\/a><\/div><div class=\"item-desc\"><h2><a href=\"https:\/\/hotelelancla.net\/madrid\/rooms\/habitacion-triple\/\">Habitaci\u00f3n Triple<\/a><\/h2><p>Amplias habitaciones triples de 20 m\u00b2 (m\u00e1ximo 3 adultos)<\/p><div class=\"desc-features\"><ul><li><i class=\"fa fa-check\"><\/i> TV Plana de 22 pulgadas<\/li><li><i class=\"fa fa-check\"><\/i> Calefacci\u00f3n y Aire acondicionado<\/li><li><i class=\"fa fa-check\"><\/i> Ba\u00f1o privado con ducha<\/li><li><i class=\"fa fa-check\"><\/i> Tres camas individuales de 100 cm x 200 cm<\/li><li><i class=\"fa fa-check\"><\/i> Escritorio<\/li><li><i class=\"fa fa-check\"><\/i> Toallas de algod\u00f3n 100%<\/li><li><i class=\"fa fa-check\"><\/i> Amenities de ba\u00f1o<\/li><li><i class=\"fa fa-check\"><\/i> Wi-Fi gratuito<\/li> <\/ul><\/div><\/div><div class=\"item-price\"><div class=\"price-inner\"><i class=\"fa fa-star-5\"><\/i><h3>\u20ac 81<\/h3><h4>\u20ac 85<\/h4><h5>Desde<\/h5><a href=\"\" class=\"btn\" target=\"_blank\">RESERVAR<\/a><\/div><\/div><\/div><div class=\"rooms-item\"><div class=\"item-photo\"><a href=\"https:\/\/hotelelancla.net\/madrid\/rooms\/habitacion-buhardilla-matrimonio\/\" data-background=\"https:\/\/hotelelancla.net\/madrid\/wp-content\/uploads\/2021\/07\/WhatsApp-Image-2021-07-03-at-16.17.06-2-600x600.jpeg\"><\/a><\/div><div class=\"item-desc\"><h2><a href=\"https:\/\/hotelelancla.net\/madrid\/rooms\/habitacion-buhardilla-matrimonio\/\">Habitaci\u00f3n Buhardilla Matrimonio<\/a><\/h2><p>Acogedoras habitaciones semi abuhardilladas de 13 m\u00b2, con ventana en el techo.<\/p><div class=\"desc-features\"><ul><li><i class=\"fa fa-check\"><\/i> Ventana en el techo<\/li><li><i class=\"fa fa-check\"><\/i> TV Plana de 22 pulgadas<\/li><li><i class=\"fa fa-check\"><\/i> Calefacci\u00f3n y Aire acondicionado<\/li><li><i class=\"fa fa-check\"><\/i> Ba\u00f1o privado con ducha o ba\u00f1era<\/li><li><i class=\"fa fa-check\"><\/i> Cama de 135 -150 cm x 200 cm<\/li><li><i class=\"fa fa-check\"><\/i> Escritorio<\/li><li><i class=\"fa fa-check\"><\/i> Toallas de algod\u00f3n 100%<\/li><li><i class=\"fa fa-check\"><\/i> Amenities de ba\u00f1o<\/li><li><i class=\"fa fa-check\"><\/i> Wi-Fi gratuito<\/li> <\/ul><\/div><\/div><div class=\"item-price\"><div class=\"price-inner\"><i class=\"fa fa-star-2\"><\/i><h3>\u20ac 59<\/h3><h4>\u20ac 68<\/h4><h5>Desde<\/h5><a href=\"\" class=\"btn\" target=\"_blank\">RESERVAR<\/a><\/div><\/div><\/div><div class=\"rooms-item\"><div class=\"item-photo\"><a href=\"https:\/\/hotelelancla.net\/madrid\/rooms\/habitacion-doble-matrimonio\/\" data-background=\"https:\/\/hotelelancla.net\/madrid\/wp-content\/uploads\/2021\/07\/DSC_0067-600x600.jpg\"><\/a><\/div><div class=\"item-desc\"><h2><a href=\"https:\/\/hotelelancla.net\/madrid\/rooms\/habitacion-doble-matrimonio\/\">Habitaci\u00f3n Doble Matrimonio<\/a><\/h2><p>C\u00f3modas habitaciones de 15 m\u00b2 con cama de matrimonio y ba\u00f1o propio. Consulta disponibilidad y servicios extra m\u00e1s abajo.<\/p><div class=\"desc-features\"><ul><li><i class=\"fa fa-check\"><\/i> Televisi\u00f3n de plasma 22 pulgadas<\/li><li><i class=\"fa fa-check\"><\/i> Ba\u00f1o privado con ducha y ba\u00f1era<\/li><li><i class=\"fa fa-check\"><\/i> Cama de 150 cm x 200 cm<\/li><li><i class=\"fa fa-check\"><\/i> Escritorio<\/li><li><i class=\"fa fa-check\"><\/i> Toallas de algod\u00f3n 100%<\/li><li><i class=\"fa fa-check\"><\/i> Amenities de ba\u00f1o<\/li><li><i class=\"fa fa-check\"><\/i> Wi-Fi gratuito<\/li> <\/ul><\/div><\/div><div class=\"item-price\"><div class=\"price-inner\"><i class=\"fa fa-star-1\"><\/i><h3>\u20ac 59<\/h3><h4>\u20ac 64<\/h4><h5>Desde<\/h5><a href=\"\" class=\"btn\" target=\"_blank\"><\/a><\/div><\/div><\/div><div class=\"rooms-item\"><div class=\"item-photo\"><a href=\"https:\/\/hotelelancla.net\/madrid\/rooms\/habitacion-doble-2-camas\/\" data-background=\"https:\/\/hotelelancla.net\/madrid\/wp-content\/uploads\/2021\/07\/DSC_0024-600x600.jpg\"><\/a><\/div><div class=\"item-desc\"><h2><a href=\"https:\/\/hotelelancla.net\/madrid\/rooms\/habitacion-doble-2-camas\/\">Habitaci\u00f3n Doble 2 camas<\/a><\/h2><p>C\u00f3modas habitaciones de 12 m\u00b2 para dos personas con camas individuales.<\/p><div class=\"desc-features\"><ul><li><i class=\"fa fa-check\"><\/i> TV Plana de 22 pulgadas<\/li><li><i class=\"fa fa-check\"><\/i> Calefacci\u00f3n y Aire acondicionado<\/li><li><i class=\"fa fa-check\"><\/i> Ba\u00f1o privado con ba\u00f1era o media ba\u00f1era<\/li><li><i class=\"fa fa-check\"><\/i> Dos camas individuales de 100 cm x 200 cm<\/li><li><i class=\"fa fa-check\"><\/i> Escritorio<\/li><li><i class=\"fa fa-check\"><\/i> Toallas de algod\u00f3n 100%<\/li><li><i class=\"fa fa-check\"><\/i> Amenities de ba\u00f1o<\/li><li><i class=\"fa fa-check\"><\/i> Wi-Fi gratuito.<\/li> <\/ul><\/div><\/div><div class=\"item-price\"><div class=\"price-inner\"><i class=\"fa fa-star-3\"><\/i><h3>\u20ac 57<\/h3><h4>\u20ac 65<\/h4><h5>Desde<\/h5><a href=\"\" class=\"btn\" target=\"_blank\"><\/a><\/div><\/div><\/div> <\/div><!-- Rooms List End --><!-- Pager --><div class=\"widget-pager\"> <\/div><!-- Pager End --> <\/div><\/div><!-- Section Rooms End -->[\/vc_column][\/vc_row]<\/p>\n","protected":false},"excerpt":{"rendered":"<p>[vc_row][vc_column][\/vc_column][\/vc_row]<\/p>\n","protected":false},"author":1,"featured_media":1322,"parent":0,"menu_order":0,"comment_status":"closed","ping_status":"closed","template":"fullwidth-page.php","meta":{"_joinchat":[]},"_links":{"self":[{"href":"https:\/\/hotelelancla.net\/madrid\/wp-json\/wp\/v2\/pages\/434"}],"collection":[{"href":"https:\/\/hotelelancla.net\/madrid\/wp-json\/wp\/v2\/pages"}],"about":[{"href":"https:\/\/hotelelancla.net\/madrid\/wp-json\/wp\/v2\/types\/page"}],"author":[{"embeddable":true,"href":"https:\/\/hotelelancla.net\/madrid\/wp-json\/wp\/v2\/users\/1"}],"replies":[{"embeddable":true,"href":"https:\/\/hotelelancla.net\/madrid\/wp-json\/wp\/v2\/comments?post=434"}],"version-history":[{"count":6,"href":"https:\/\/hotelelancla.net\/madrid\/wp-json\/wp\/v2\/pages\/434\/revisions"}],"predecessor-version":[{"id":1411,"href":"https:\/\/hotelelancla.net\/madrid\/wp-json\/wp\/v2\/pages\/434\/revisions\/1411"}],"wp:featuredmedia":[{"embeddable":true,"href":"https:\/\/hotelelancla.net\/madrid\/wp-json\/wp\/v2\/media\/1322"}],"wp:attachment":[{"href":"https:\/\/hotelelancla.net\/madrid\/wp-json\/wp\/v2\/media?parent=434"}],"curies":[{"name":"wp","href":"https:\/\/api.w.org\/{rel}","templated":true}]}}